{"id":1027,"date":"2020-02-03T11:46:12","date_gmt":"2020-02-03T11:46:12","guid":{"rendered":"https:\/\/wp.deldindesign.de\/?page_id=1027"},"modified":"2025-11-11T07:41:12","modified_gmt":"2025-11-11T07:41:12","slug":"impressum","status":"publish","type":"page","link":"https:\/\/deldindesign.de\/index.php\/impressum\/","title":{"rendered":"Impressum"},"content":{"rendered":"\t\t<div data-elementor-type=\"wp-page\" data-elementor-id=\"1027\" class=\"elementor elementor-1027\">\n\t\t\t\t\t\t<section class=\"elementor-section elementor-top-section elementor-element elementor-element-21863ef elementor-section-full_width elementor-section-height-default elementor-section-height-default\" data-id=\"21863ef\" data-element_type=\"section\" data-e-type=\"section\">\n\t\t\t\t\t\t<div class=\"elementor-container elementor-column-gap-wide\">\n\t\t\t\t\t<div class=\"elementor-column elementor-col-100 elementor-top-column elementor-element elementor-element-ce649f8\" data-id=\"ce649f8\" data-element_type=\"column\" data-e-type=\"column\">\n\t\t\t<div class=\"elementor-widget-wrap elementor-element-populated\">\n\t\t\t\t\t\t<div class=\"elementor-element elementor-element-277a52d elementor-widget elementor-widget-text-editor\" data-id=\"277a52d\" data-element_type=\"widget\" data-e-type=\"widget\" data-widget_type=\"text-editor.default\">\n\t\t\t\t<div class=\"elementor-widget-container\">\n\t\t\t\t\t\t\t\t\t<hr \/><h4><span style=\"color: #333333;\">del din design<br \/>Agentur f\u00fcr Kommunikationsdesign<\/span><\/h4><h4><span style=\"color: #333333;\">Gesch\u00e4ftsf\u00fchrung: Susanne Del Din<\/span><br \/><span style=\"color: #333333;\">Sonnenstra\u00dfe 6<\/span><br \/><span style=\"color: #333333;\">53721 Siegburg<\/span><\/h4><h4><span style=\"color: #333333;\">Fon: 0171.2741578<br \/><\/span><span style=\"color: #333333;\">E-Mail: <a href=\"mailto:sd@deldindesign.de\">sd@deldindesign.de<\/a><\/span><\/h4><div><h6><span style=\"color: #333333;\">Haftung f\u00fcr Inhalte<\/span><br \/><span style=\"color: #333333;\">Wir erstellen die Inhalte unserer Webseite mit der gebotenen Sorgfalt. F\u00fcr die Richtigkeit, Vollst\u00e4ndigkeit und Aktualit\u00e4t der Inhalte k\u00f6nnen wir jedoch keine Gew\u00e4hr \u00fcbernehmen.<\/span><\/h6><h6><span style=\"color: #333333;\">Haftung f\u00fcr Links<\/span><br \/><span style=\"color: #333333;\">Wir haben auf unseren Seiten Links zu externen Webseiten im Internet gelegt, deren Inhalt und Aktualisierung nicht dem Einflussbereich von uns unterliegen. F\u00fcr alle diese Links gilt: Wir k\u00f6nnen keine Gew\u00e4hr f\u00fcr fremde Inhalte \u00fcbernehmen. F\u00fcr fremde Inhalte ist der jeweilige Anbieter selbst verantwortlich. Sollte Ihnen ein nicht funktionierender oder falscher Link auffallen, so melden Sie uns diesen bitte.<\/span><\/h6><h6><span style=\"color: #333333;\">Copyright<\/span><br \/><span style=\"color: #333333;\">Das Layout der Homepage, die verwendeten Grafiken und Bilder, die Sammlung sowie einzelnen Beitr\u00e4ge sind urheberrechtlich gesch\u00fctzt. Alle Rechte, auch die der fotomechanischen Wiedergabe, der Vervielf\u00e4ltigung und der Verbreitung mittels besonderer Verfahren (zum Beispiel Datenverarbeitung, Datentr\u00e4ger und Datennetze), auch teilweise, behalten wir uns vor.<\/span><\/h6><p>\u00a0<\/p><\/div><hr \/><h4>\u00a0<\/h4>\t\t\t\t\t\t\t\t<\/div>\n\t\t\t\t<\/div>\n\t\t\t\t\t<\/div>\n\t\t<\/div>\n\t\t\t\t\t<\/div>\n\t\t<\/section>\n\t\t\t\t<\/div>\n\t\t","protected":false},"excerpt":{"rendered":"<p>del din designAgentur f\u00fcr Kommunikationsdesign Gesch\u00e4ftsf\u00fchrung: Susanne Del DinSonnenstra\u00dfe 653721 Siegburg Fon: 0171.2741578E-Mail: sd@deldindesign.de Haftung f\u00fcr InhalteWir erstellen die Inhalte unserer Webseite mit der gebotenen Sorgfalt. F\u00fcr die Richtigkeit, Vollst\u00e4ndigkeit und Aktualit\u00e4t der Inhalte k\u00f6nnen wir jedoch keine Gew\u00e4hr \u00fcbernehmen. Haftung f\u00fcr LinksWir haben auf [&hellip;]<\/p>\n","protected":false},"author":1,"featured_media":0,"parent":0,"menu_order":0,"comment_status":"closed","ping_status":"closed","template":"","meta":{"footnotes":""},"class_list":["post-1027","page","type-page","status-publish","hentry"],"yoast_head":"<!-- This site is optimized with the Yoast SEO plugin v27.4 - https:\/\/yoast.com\/product\/yoast-seo-wordpress\/ -->\n<title>Impressum - del din design del din design<\/title>\n<meta name=\"robots\" content=\"index, follow, max-snippet:-1, max-image-preview:large, max-video-preview:-1\" \/>\n<link rel=\"canonical\" href=\"https:\/\/deldindesign.de\/index.php\/impressum\/\" \/>\n<meta property=\"og:locale\" content=\"de_DE\" \/>\n<meta property=\"og:type\" content=\"article\" \/>\n<meta property=\"og:title\" content=\"Impressum - del din design del din design\" \/>\n<meta property=\"og:description\" content=\"del din designAgentur f\u00fcr Kommunikationsdesign Gesch\u00e4ftsf\u00fchrung: Susanne Del DinSonnenstra\u00dfe 653721 Siegburg Fon: 0171.2741578E-Mail: sd@deldindesign.de Haftung f\u00fcr InhalteWir erstellen die Inhalte unserer Webseite mit der gebotenen Sorgfalt. F\u00fcr die Richtigkeit, Vollst\u00e4ndigkeit und Aktualit\u00e4t der Inhalte k\u00f6nnen wir jedoch keine Gew\u00e4hr \u00fcbernehmen. Haftung f\u00fcr LinksWir haben auf [&hellip;]\" \/>\n<meta property=\"og:url\" content=\"https:\/\/deldindesign.de\/index.php\/impressum\/\" \/>\n<meta property=\"og:site_name\" content=\"del din design\" \/>\n<meta property=\"article:modified_time\" content=\"2025-11-11T07:41:12+00:00\" \/>\n<meta name=\"twitter:card\" content=\"summary_large_image\" \/>\n<meta name=\"twitter:label1\" content=\"Gesch\u00e4tzte Lesezeit\" \/>\n\t<meta name=\"twitter:data1\" content=\"1\u00a0Minute\" \/>\n<script type=\"application\/ld+json\" class=\"yoast-schema-graph\">{\"@context\":\"https:\\\/\\\/schema.org\",\"@graph\":[{\"@type\":\"WebPage\",\"@id\":\"https:\\\/\\\/deldindesign.de\\\/index.php\\\/impressum\\\/\",\"url\":\"https:\\\/\\\/deldindesign.de\\\/index.php\\\/impressum\\\/\",\"name\":\"Impressum - del din design del din design\",\"isPartOf\":{\"@id\":\"https:\\\/\\\/deldindesign.de\\\/#website\"},\"datePublished\":\"2020-02-03T11:46:12+00:00\",\"dateModified\":\"2025-11-11T07:41:12+00:00\",\"breadcrumb\":{\"@id\":\"https:\\\/\\\/deldindesign.de\\\/index.php\\\/impressum\\\/#breadcrumb\"},\"inLanguage\":\"de\",\"potentialAction\":[{\"@type\":\"ReadAction\",\"target\":[\"https:\\\/\\\/deldindesign.de\\\/index.php\\\/impressum\\\/\"]}]},{\"@type\":\"BreadcrumbList\",\"@id\":\"https:\\\/\\\/deldindesign.de\\\/index.php\\\/impressum\\\/#breadcrumb\",\"itemListElement\":[{\"@type\":\"ListItem\",\"position\":1,\"name\":\"Startseite\",\"item\":\"https:\\\/\\\/deldindesign.de\\\/\"},{\"@type\":\"ListItem\",\"position\":2,\"name\":\"Impressum\"}]},{\"@type\":\"WebSite\",\"@id\":\"https:\\\/\\\/deldindesign.de\\\/#website\",\"url\":\"https:\\\/\\\/deldindesign.de\\\/\",\"name\":\"del din design\",\"description\":\"Agentur f\u00fcr Kommunikationsdesign\",\"publisher\":{\"@id\":\"https:\\\/\\\/deldindesign.de\\\/#\\\/schema\\\/person\\\/58991c77e781cd3e8c254d59ed6d4e59\"},\"potentialAction\":[{\"@type\":\"SearchAction\",\"target\":{\"@type\":\"EntryPoint\",\"urlTemplate\":\"https:\\\/\\\/deldindesign.de\\\/?s={search_term_string}\"},\"query-input\":{\"@type\":\"PropertyValueSpecification\",\"valueRequired\":true,\"valueName\":\"search_term_string\"}}],\"inLanguage\":\"de\"},{\"@type\":[\"Person\",\"Organization\"],\"@id\":\"https:\\\/\\\/deldindesign.de\\\/#\\\/schema\\\/person\\\/58991c77e781cd3e8c254d59ed6d4e59\",\"name\":\"deldindesign\",\"logo\":{\"@id\":\"https:\\\/\\\/deldindesign.de\\\/#\\\/schema\\\/person\\\/image\\\/\"}}]}<\/script>\n<!-- \/ Yoast SEO plugin. -->","yoast_head_json":{"title":"Impressum - del din design del din design","robots":{"index":"index","follow":"follow","max-snippet":"max-snippet:-1","max-image-preview":"max-image-preview:large","max-video-preview":"max-video-preview:-1"},"canonical":"https:\/\/deldindesign.de\/index.php\/impressum\/","og_locale":"de_DE","og_type":"article","og_title":"Impressum - del din design del din design","og_description":"del din designAgentur f\u00fcr Kommunikationsdesign Gesch\u00e4ftsf\u00fchrung: Susanne Del DinSonnenstra\u00dfe 653721 Siegburg Fon: 0171.2741578E-Mail: sd@deldindesign.de Haftung f\u00fcr InhalteWir erstellen die Inhalte unserer Webseite mit der gebotenen Sorgfalt. F\u00fcr die Richtigkeit, Vollst\u00e4ndigkeit und Aktualit\u00e4t der Inhalte k\u00f6nnen wir jedoch keine Gew\u00e4hr \u00fcbernehmen. Haftung f\u00fcr LinksWir haben auf [&hellip;]","og_url":"https:\/\/deldindesign.de\/index.php\/impressum\/","og_site_name":"del din design","article_modified_time":"2025-11-11T07:41:12+00:00","twitter_card":"summary_large_image","twitter_misc":{"Gesch\u00e4tzte Lesezeit":"1\u00a0Minute"},"schema":{"@context":"https:\/\/schema.org","@graph":[{"@type":"WebPage","@id":"https:\/\/deldindesign.de\/index.php\/impressum\/","url":"https:\/\/deldindesign.de\/index.php\/impressum\/","name":"Impressum - del din design del din design","isPartOf":{"@id":"https:\/\/deldindesign.de\/#website"},"datePublished":"2020-02-03T11:46:12+00:00","dateModified":"2025-11-11T07:41:12+00:00","breadcrumb":{"@id":"https:\/\/deldindesign.de\/index.php\/impressum\/#breadcrumb"},"inLanguage":"de","potentialAction":[{"@type":"ReadAction","target":["https:\/\/deldindesign.de\/index.php\/impressum\/"]}]},{"@type":"BreadcrumbList","@id":"https:\/\/deldindesign.de\/index.php\/impressum\/#breadcrumb","itemListElement":[{"@type":"ListItem","position":1,"name":"Startseite","item":"https:\/\/deldindesign.de\/"},{"@type":"ListItem","position":2,"name":"Impressum"}]},{"@type":"WebSite","@id":"https:\/\/deldindesign.de\/#website","url":"https:\/\/deldindesign.de\/","name":"del din design","description":"Agentur f\u00fcr Kommunikationsdesign","publisher":{"@id":"https:\/\/deldindesign.de\/#\/schema\/person\/58991c77e781cd3e8c254d59ed6d4e59"},"potentialAction":[{"@type":"SearchAction","target":{"@type":"EntryPoint","urlTemplate":"https:\/\/deldindesign.de\/?s={search_term_string}"},"query-input":{"@type":"PropertyValueSpecification","valueRequired":true,"valueName":"search_term_string"}}],"inLanguage":"de"},{"@type":["Person","Organization"],"@id":"https:\/\/deldindesign.de\/#\/schema\/person\/58991c77e781cd3e8c254d59ed6d4e59","name":"deldindesign","logo":{"@id":"https:\/\/deldindesign.de\/#\/schema\/person\/image\/"}}]}},"_links":{"self":[{"href":"https:\/\/deldindesign.de\/index.php\/wp-json\/wp\/v2\/pages\/1027","targetHints":{"allow":["GET"]}}],"collection":[{"href":"https:\/\/deldindesign.de\/index.php\/wp-json\/wp\/v2\/pages"}],"about":[{"href":"https:\/\/deldindesign.de\/index.php\/wp-json\/wp\/v2\/types\/page"}],"author":[{"embeddable":true,"href":"https:\/\/deldindesign.de\/index.php\/wp-json\/wp\/v2\/users\/1"}],"replies":[{"embeddable":true,"href":"https:\/\/deldindesign.de\/index.php\/wp-json\/wp\/v2\/comments?post=1027"}],"version-history":[{"count":3,"href":"https:\/\/deldindesign.de\/index.php\/wp-json\/wp\/v2\/pages\/1027\/revisions"}],"predecessor-version":[{"id":1779,"href":"https:\/\/deldindesign.de\/index.php\/wp-json\/wp\/v2\/pages\/1027\/revisions\/1779"}],"wp:attachment":[{"href":"https:\/\/deldindesign.de\/index.php\/wp-json\/wp\/v2\/media?parent=1027"}],"curies":[{"name":"wp","href":"https:\/\/api.w.org\/{rel}","templated":true}]}}

<div data-elementor-type="wp-page" data-elementor-id="1027" class="elementor elementor-1027">
						<section class="elementor-section elementor-top-section elementor-element elementor-element-21863ef elementor-section-full_width elementor-section-height-default elementor-section-height-default" data-id="21863ef" data-element_type="section" data-e-type="section">
						<div class="elementor-container elementor-column-gap-wide">
					<div class="elementor-column elementor-col-100 elementor-top-column elementor-element elementor-element-ce649f8" data-id="ce649f8" data-element_type="column" data-e-type="column">
			<div class="elementor-widget-wrap elementor-element-populated">
						<div class="elementor-element elementor-element-277a52d elementor-widget elementor-widget-text-editor" data-id="277a52d" data-element_type="widget" data-e-type="widget" data-widget_type="text-editor.default">
				<div class="elementor-widget-container">
									<hr /><h4><span style="color: #333333;">del din design<br />Agentur für Kommunikationsdesign</span></h4><h4><span style="color: #333333;">Geschäftsführung: Susanne Del Din</span><br /><span style="color: #333333;">Sonnenstraße 6</span><br /><span style="color: #333333;">53721 Siegburg</span></h4><h4><span style="color: #333333;">Fon: 0171.2741578<br /></span><span style="color: #333333;">E-Mail: <a href="mailto:sd@deldindesign.de">sd@deldindesign.de</a></span></h4><div><h6><span style="color: #333333;">Haftung für Inhalte</span><br /><span style="color: #333333;">Wir erstellen die Inhalte unserer Webseite mit der gebotenen Sorgfalt. Für die Richtigkeit, Vollständigkeit und Aktualität der Inhalte können wir jedoch keine Gewähr übernehmen.</span></h6><h6><span style="color: #333333;">Haftung für Links</span><br /><span style="color: #333333;">Wir haben auf unseren Seiten Links zu externen Webseiten im Internet gelegt, deren Inhalt und Aktualisierung nicht dem Einflussbereich von uns unterliegen. Für alle diese Links gilt: Wir können keine Gewähr für fremde Inhalte übernehmen. Für fremde Inhalte ist der jeweilige Anbieter selbst verantwortlich. Sollte Ihnen ein nicht funktionierender oder falscher Link auffallen, so melden Sie uns diesen bitte.</span></h6><h6><span style="color: #333333;">Copyright</span><br /><span style="color: #333333;">Das Layout der Homepage, die verwendeten Grafiken und Bilder, die Sammlung sowie einzelnen Beiträge sind urheberrechtlich geschützt. Alle Rechte, auch die der fotomechanischen Wiedergabe, der Vervielfältigung und der Verbreitung mittels besonderer Verfahren (zum Beispiel Datenverarbeitung, Datenträger und Datennetze), auch teilweise, behalten wir uns vor.</span></h6><p> </p></div><hr /><h4> </h4>								</div>
				</div>
					</div>
		</div>
					</div>
		</section>
				</div>

<p>del din designAgentur für Kommunikationsdesign Geschäftsführung: Susanne Del DinSonnenstraße 653721 Siegburg Fon: 0171.2741578E-Mail: sd@deldindesign.de Haftung für InhalteWir erstellen die Inhalte unserer Webseite mit der gebotenen Sorgfalt. Für die Richtigkeit, Vollständigkeit und Aktualität der Inhalte können wir jedoch keine Gewähr übernehmen. Haftung für LinksWir haben auf [&hellip;]</p>

<!-- This site is optimized with the Yoast SEO plugin v27.4 - https://yoast.com/product/yoast-seo-wordpress/ -->
<title>Impressum - del din design del din design</title>
<meta name="robots" content="index, follow, max-snippet:-1, max-image-preview:large, max-video-preview:-1" />
<link rel="canonical" href="https://deldindesign.de/index.php/impressum/" />
<meta property="og:locale" content="de_DE" />
<meta property="og:type" content="article" />
<meta property="og:title" content="Impressum - del din design del din design" />
<meta property="og:description" content="del din designAgentur für Kommunikationsdesign Geschäftsführung: Susanne Del DinSonnenstraße 653721 Siegburg Fon: 0171.2741578E-Mail: sd@deldindesign.de Haftung für InhalteWir erstellen die Inhalte unserer Webseite mit der gebotenen Sorgfalt. Für die Richtigkeit, Vollständigkeit und Aktualität der Inhalte können wir jedoch keine Gewähr übernehmen. Haftung für LinksWir haben auf [&hellip;]" />
<meta property="og:url" content="https://deldindesign.de/index.php/impressum/" />
<meta property="og:site_name" content="del din design" />
<meta property="article:modified_time" content="2025-11-11T07:41:12+00:00" />
<meta name="twitter:card" content="summary_large_image" />
<meta name="twitter:label1" content="Geschätzte Lesezeit" />
	<meta name="twitter:data1" content="1 Minute" />
<script type="application/ld+json" class="yoast-schema-graph">{"@context":"https:\/\/schema.org","@graph":[{"@type":"WebPage","@id":"https:\/\/deldindesign.de\/index.php\/impressum\/","url":"https:\/\/deldindesign.de\/index.php\/impressum\/","name":"Impressum - del din design del din design","isPartOf":{"@id":"https:\/\/deldindesign.de\/#website"},"datePublished":"2020-02-03T11:46:12+00:00","dateModified":"2025-11-11T07:41:12+00:00","breadcrumb":{"@id":"https:\/\/deldindesign.de\/index.php\/impressum\/#breadcrumb"},"inLanguage":"de","potentialAction":[{"@type":"ReadAction","target":["https:\/\/deldindesign.de\/index.php\/impressum\/"]}]},{"@type":"BreadcrumbList","@id":"https:\/\/deldindesign.de\/index.php\/impressum\/#breadcrumb","itemListElement":[{"@type":"ListItem","position":1,"name":"Startseite","item":"https:\/\/deldindesign.de\/"},{"@type":"ListItem","position":2,"name":"Impressum"}]},{"@type":"WebSite","@id":"https:\/\/deldindesign.de\/#website","url":"https:\/\/deldindesign.de\/","name":"del din design","description":"Agentur für Kommunikationsdesign","publisher":{"@id":"https:\/\/deldindesign.de\/#\/schema\/person\/58991c77e781cd3e8c254d59ed6d4e59"},"potentialAction":[{"@type":"SearchAction","target":{"@type":"EntryPoint","urlTemplate":"https:\/\/deldindesign.de\/?s={search_term_string}"},"query-input":{"@type":"PropertyValueSpecification","valueRequired":true,"valueName":"search_term_string"}}],"inLanguage":"de"},{"@type":["Person","Organization"],"@id":"https:\/\/deldindesign.de\/#\/schema\/person\/58991c77e781cd3e8c254d59ed6d4e59","name":"deldindesign","logo":{"@id":"https:\/\/deldindesign.de\/#\/schema\/person\/image\/"}}]}</script>
<!-- / Yoast SEO plugin. -->

del din designAgentur für Kommunikationsdesign Geschäftsführung: Susanne Del DinSonnenstraße 653721 Siegburg Fon: 0171.2741578E-Mail: sd@deldindesign.de Haftung für InhalteWir erstellen die Inhalte unserer Webseite mit der gebotenen Sorgfalt. Für die Richtigkeit, Vollständigkeit und Aktualität der Inhalte können wir jedoch keine Gewähr übernehmen. Haftung für LinksWir haben auf [&hellip;]

Agentur für Kommunikationsdesign
